ist the prime factors of j(7).
2
Suppose 4*q - q = 2*t - 6, 0 = -3*q. Suppose -t*p - 16 = -5*g, 0*g + p = -g. Suppose -g*o + z + 40 = 0, z = -3*o + 4*o - 21. What are the prime factors of o?
19
What are the prime factors of (-7)/(-2)*(-1 - -9)?
2, 7
Let l(y) = -2*y - 3. What are the prime factors of l(-7)?
11
Suppose 0 = 10*c - 39 - 201. What are the prime factors of c?
2, 3
Let g(d) = -d**3 + 2*d**2 + 3*d + 2. Suppose 4*w + r + 20 = 0, -4 = 2*w + r + 6. Let z = -2 - w. List the prime factors of g(z).
2
Suppose 4*t - 4*w = 0, 2*t - 4*w = -t - 2. Suppose 0 = -5*n + t*n + 171. Suppose -i + 0*i = -3*r - 3, -4*i = 3*r - n. What are the prime factors of i?
2, 3
Let t(z) = 7*z**2 - 5*z + 2. Let v be t(4). Let u = -67 + v. Let x = -19 + u. What are the prime factors of x?
2
Let o(n) = n**3 + 7*n**2 + 5*n + 6. Let k be o(-6). Suppose 4*l - k = -j, 4*j + 0*l - 2*l = 48. What are the prime factors of j?
2, 3
Suppose x = 4*x - 15, x = 2*r + 1. Suppose d - 5 = r*d, -4*d + 34 = 2*q. List the prime factors of q.
3
Suppose 7*x = 844 + 1179. What are the prime factors of x?
17
Let u = -162 - -375. What are the prime factors of u?
3, 71
Suppose 0 = -2*r - f - 2*f + 59, 4*r - 158 = 2*f. What are the prime factors of r?
37
Suppose 0 = -5*b - j - 27, -3*b = -b + 2*j + 6. What are the prime factors of ((-36)/15)/(b/15)?
2, 3
Suppose -8*f - 3*f + 594 = 0. List the prime factors of f.
2, 3
Suppose -5*v + 1 - 6 = 0. Let x(z) = -16*z**2 - z. Let l be x(v). List the prime factors of ((-24)/l)/(2/10).
2
Suppose 9 + 35 = 4*x. Let n be x + -3 + 1*-3. Suppose 0 = -f + n*z + 14, 2*f + f = -4*z + 23. List the prime factors of f.
3
Let d(r) be the first derivative of -r**4/4 - r**3/3 + 1. Let f be d(-2). Suppose -k = 4*q - 3, -3*k - 2*q + f = -5. List the prime factors of k.
3
Suppose -3*f = -6 - 0. Let i be (-2)/(-1) - (-40)/f. Suppose 0 = o - 4*a - i, 0*o + 36 = 2*o - 4*a. What are the prime factors of o?
2, 7
Let t = 10 + -10. Let w = 11 + t. List the prime factors of w.
11
Suppose l - 10 = 5*n - 0*n, 4*n + 4 = 0. Suppose -3*m + 43 = -4*b, -l*m - 3*b + 33 = -0*b. Let g = -4 + m. What are the prime factors of g?
5
What are the prime factors of 2 - 2*(1 - 3)?
2, 3
Let b = 251 + -15. What are the prime factors of b?
2, 59
What are the prime factors of (-2)/(-3)*(-57)/(-2)?
19
Suppose 2*j = 7*j - 155. Let u = j + -17. Suppose -u = -m - 6. What are the prime factors of m?
2
Suppose -6*w - 4*w + 1150 = 0. What are the prime factors of w?
5, 23
Let u = -5 + 5. What are the prime factors of u*3/9 - -19?
19
What are the prime factors of 4/34 - 15600/(-340)?
2, 23
Suppose 2*f + 2*a - 2 = 0, 3*f - 11 + 0 = -a. Suppose -m + 4 = -4*h, -f*h - m - 13 = 1. What are the prime factors of 1/((-25)/(-12) + h)?
2, 3
Let d be 10/6 + 6/18. Suppose 34 = d*a + s, 3*s + 5 - 2 = a. What are the prime factors of a?
3, 5
Suppose 2*a - 4*o = 124, 2*o + 0*o + 186 = 3*a. List the prime factors of a.
2, 31
Let p(x) = 3*x - 2. Let v be p(2). List the prime factors of 6 - 1*(v + -2).
2
Let f(m) = m**2 - 4*m - 5. Let z be f(5). Suppose 5*y + 5*t = 10, y + z - 2 = -5*t. What are the prime factors of y?
2
Let y(b) = 9*b**3 - 2*b - 1. Let r be y(-1). Let o be (-8)/r + -3*1. Let p(z) = -z**3 + 2*z**2 - z - 2. What are the prime factors of p(o)?
2
What are the prime factors of (23/(-5) + -1)/((-1)/10)?
2, 7
Let u = -49 - -83. What are the prime factors of u?
2, 17
Let t = 50 - 28. What are the prime factors of t?
2, 11
Suppose 45 = 2*b + 11. Let i = b - -8. What are the prime factors of i?
5
Let v = -5 + 9. Suppose 0 = -4*n + v + 4. What are the prime factors of n?
2
Suppose -5*w - 5*y - 42 = -12, w - 2*y = 6. Let z be 1 + 2 - (w - 15). Suppose 0 = 2*p - 7*p + z. What are the prime factors of p?
2
Let n(t) = -t**3 + 7*t**2 - 11*t + 5. Let u be n(4). What are the prime factors of (6/u)/((-3)/(-162))?
2, 3
Let k = 29 + -19. Suppose g + k = -3*o, o + 10 = g + 2*g. What are the prime factors of g?
2
Suppose x + 49 = 3*y, 2*y - 3 - 23 = -x. List the prime factors of y.
3, 5
Suppose -1 = 2*t - 3. Let z(f) = f**3 - f**2 - 5*f - 8. Let s(p) = p**2 + p + 1. Let i(b) = t*z(b) + 5*s(b). List the prime factors of i(-3).
2, 3
Let w(k) = -k + 4. Let l be w(-4). Let i(h) = 10*h. Let m be i(l). Suppose 8*n - 3*n - m = 0. List the prime factors of n.
2
Suppose -4*i - i - 8 = -4*j, 0 = 2*j - 5*i - 4. Let a(r) = 3*r - 4*r - 6 - j*r. List the prime factors of a(-5).
3
Let i = -1 - -1. Suppose -4*z + 3*z = i. Suppose -h + 5*h - 36 = z. List the prime factors of h.
3
Let a = -32 - -46. Suppose 3*z = -v - 16, 3*v - 3*z + a + 10 = 0. Let w = 16 + v. List the prime factors of w.
2, 3
Let m be 2 + -2 + 2*16. Let c be (-8)/12 - m/6. List the prime factors of ((-2)/(-3))/(c/(-99)).
11
Suppose 0 = n + 3*n - 192. Let i = n + -29. Let o = i - 2. What are the prime factors of o?
17
Let q(f) = f**2 - 8*f - 18. Let s be q(9). What are the prime factors of (-1 - -4)*(-9)/s?
3
Let z = -105 + 73. What are the prime factors of (-5 - -2)*z/6?
2
Suppose -4*y + 5*k + 3 = 0, 4*y - 60 = -5*k - 7. List the prime factors of 4/(-2) + (y - -1).
2, 3
Let a = 3 - 3. Suppose b + 3*b - 8 = a. What are the prime factors of b/((-1)/((-9)/6))?
3
Suppose 9*z - 550 = 4*z. Suppose -5*q + z = -0*q. List the prime factors of q.
2, 11
Let o = 1 + 32. Let z = o - 16. What are the prime factors of z?
17
Let x(j) be the third derivative of 0*j + 1/60*j**6 + 1/6*j**3 + 0 + 2*j**2 + 0*j**5 - 1/24*j**4. What are the prime factors of x(1)?
2
What are the prime factors of -6 - (-66 - (1 - 6))?
5, 11
Let q = 4 - 0. Suppose 5*f + 87 = q*x, 4*f - 3*f = -4*x + 69. List the prime factors of x.
2, 3
Suppose j - 21 = -0*j. Suppose 5*f - j = -3*s, -f + 7*s - 3 = 4*s. List the prime factors of f.
3
Suppose -10*r + 1912 = -58. List the prime factors of r.
197
Let r(q) be the first derivative of q**3/3 - 7*q**2/2 + 4*q - 2. Let f be r(6). List the prime factors of (-2)/(84/(-39) - f).
13
Suppose f = r - 10, 3*f - 3*r + 20 = f. Let y = f - -46. What are the prime factors of y?
2, 3
Suppose 3*j - 18 = -0*j. Let i be 4/j - 2/(-6). Suppose u + i = 7. List the prime factors of u.
2, 3
Let b be (0/(-3))/3 - -1. Let s = 1 + b. Suppose -s*r + 7*z = 2*z - 39, -4*z - 6 = 2*r. What are the prime factors of r?
7
Let q be ((-18)/21)/(1/(-7)). What are the prime factors of (-20)/q*(-12)/8?
5
Suppose -5*r + 21 = -24. List the prime factors of 1/(-3) - (-57)/r.
2, 3
Let k be (-1)/(32/12 - 3). Suppose 4*i = g + 112, i = -k*i - 4*g + 112. What are the prime factors of i?
2, 7
Let s = -13 + 9. Let d(m) = 2*m**2 + 5*m - 3. What are the prime factors of d(s)?
3
Let r(h) = h**2 + 9*h + 2. Let v be r(-9). Let d be 0 + (-15)/(1 + -2). Suppose -s + v*l + d = 0, 3*s - 2*l = 3*l + 43. List the prime factors of s.
11
Suppose 9 = j - 1. Suppose -i + j = i. List the prime factors of i.
5
Let q(t) = -3*t - 3. Suppose 4*a = -0*a - 20. What are the prime factors of q(a)?
2, 3
Let q = -5 + 7. Let v = 0 - -3. Suppose -5*w + q*u = 6*u - 40, -w + v*u = -8. What are the prime factors of w?
2
Let h be ((-4)/(-6))/(2/6). Suppose 0 = h*f + k - 13, f + 5*k - 23 = -2*f. List the prime factors of 2/3*27/f.
3
Suppose 3*p = -3*d - 12, -5*p - 5 = 2*d + 3. Suppose 7*n - 12*n + 135 = p. What are the prime factors of n?
3
Let o = 20 + -4. Suppose o = a + 13. List the prime factors of a.
3
Suppose 2*t - 35 = 33. List the prime factors of t.
2, 17
List the prime factors of 27 - (-1)/((-4)/8).
5
Let b = -13 + 18. Suppose -b*f + 25 + 10 = 0. List the prime factors of f.
7
Let y = 80 + -30. List the prime factors of y.
2, 5
What are the prime factors of (-12)/(-2*(-1)/(-2))?
2, 3
Let x = -21 + 24. List the prime factors of x.
3
List the prime factors of 832/22 + 4/22.
2, 19
Let x(j) = 2*j**3 + 7*j**2 - 3*j - 16. Let w(f) = f**3 + 3*f**2 - 2*f - 8. Let k(o) = 5*w(o) - 3*x(o). What are the prime factors of k(-6)?
2, 7
Let m = -44 - -46. Suppose 0 = -0*a - 2*a + 8. What are the prime factors of (-1 - a)*m/(-5)?
2
Let n be (-35 - -5)*2/(-6). Suppose -m - 4*m + n = 0. List the prime factors of m.
2
Let p = 7 - -73. List the prime factors of p.
2, 5
Let a be 6/(-10) - (-3)/5. Suppose a = -4*y - 2*g + 190, y - 75 = -y + 3*g. What are the prime factors of y?
3, 5
Let g(y) = y**3 + 3*y**2 - 2*y - 2. Let b be g(-3). Let k(c) = 0*c + 3*c**2 - b*c + 2